t is z(8)?
-91
Let r(i) = -i**2 + 3*i - 9. What is r(-4)?
-37
Let h(r) = -r**3 - 11*r**2 - r + 16. Calculate h(-11).
27
Let x(w) = w - 4. Calculate x(11).
7
Let p(i) = 2*i**2 + 4*i + 6. Determine p(-5).
36
Let i(g) = -2*g**2 - 2*g + 7. Give i(-6).
-53
Let n(s) = -s**3 + 5*s**2 + s - 14. Determine n(5).
-9
Let s(d) = -d**3 + 2*d**2 + 5*d + 6. Give s(-2).
12
Let u(a) = 2*a**2 - 13*a - 6. What is u(7)?
1
Let f(d) = 9*d**2 - 3*d + 4. Determine f(3).
76
Let k(t) = t**3 + 2*t + 3. Determine k(-3).
-30
Let x(s) = -2*s + 5. Calculate x(7).
-9
Let j(h) = h**3 - 3*h**2 + 6*h - 2. Determine j(4).
38
Let s(n) = -2*n**2 + 24*n + 16. What is s(13)?
-10
Let m(q) = 5*q - 61. Determine m(19).
34
Let m(x) = -2*x**3 - 79*x**2 + 43*x + 132. Calculate m(-40).
12
Let g(w) = 2*w**3 - 2*w**2 + 1. Calculate g(-1).
-3
Let o(g) = -g**3 + 10*g**2 - 3*g + 23. What is o(10)?
-7
Let n(o) = 4*o**2 - 29*o + 20. Calculate n(6).
-10
Let f(n) = -5*n**2 - 2*n - 13. Determine f(-4).
-85
Let f(y) = y**3 + 9*y**2 - 2*y - 8. Give f(-9).
10
Let o(k) = -k**2 + 9*k - 14. Give o(3).
4
Let i(k) = k**2 - 8*k + 14. What is i(4)?
-2
Let s(b) = -b**2 - 2*b - 12. Calculate s(0).
-12
Let a(v) = -5*v - 175. Give a(-32).
-15
Let m(j) = -j**2 - 6*j + 19. Calculate m(-8).
3
Let o(t) = 10*t - 7. Determine o(-4).
-47
Let k(r) = -r**3 - 14*r**2 + r + 8. Give k(-14).
-6
Let o(t) = -t**3 + t**2 + 3*t - 2. What is o(0)?
-2
Let g(k) = 5*k + 106. Determine g(-19).
11
Let o(n) = n**2 + 4*n - 3. Calculate o(-7).
18
Let o(a) = 13*a + 4. What is o(-2)?
-22
Let t(b) = b**2 + 6*b - 5. Give t(-6).
-5
Let o(h) = 3*h**2 - 57*h + 47. What is o(18)?
-7
Let j(n) = 4*n**2 + 21*n. Give j(-7).
49
Let m(j) = 2*j**2 - 26. What is m(-5)?
24
Let q(i) = -i**3 - 4*i**2 - 3*i - 22. Give q(-6).
68
Let u(n) = 2*n**2 + 2*n + 5. What is u(-5)?
45
Let b(y) = y**3 - 5*y**2 + y - 1. What is b(4)?
-13
Let n(a) = 7*a**3 + 9*a**2 - 3*a - 1. Calculate n(-1).
4
Let j(r) = r**3 - 10*r**2 + 15*r - 3. Calculate j(8).
-11
Let l(x) = 33*x + 589. Give l(-18).
-5
Let n(m) = m + 14. Give n(-4).
10
Let i(p) = p**2 - p + 10. Give i(0).
10
Let o(l) = 19*l - 4. What is o(5)?
91
Let r(l) = -l**2 + 4*l - 10. Calculate r(6).
-22
Let w(s) = -s**3 - 11*s**2 - 10*s - 14. What is w(-10)?
-14
Let r(p) = -5*p**2 - 253*p + 89. Determine r(-51).
-13
Let r(j) = 13*j + 318. What is r(-25)?
-7
Let r(x) = 2*x**3 + 2*x**2 - 3*x - 4. Calculate r(-2).
-6
Let g(t) = t**2 - 5*t + 11. What is g(4)?
7
Let z(c) = -9*c - 247. What is z(-27)?
-4
Let h(g) = g**2 + 11*g - 196. Give h(10).
14
Let p(n) = 7*n**2 - n + 1. What is p(1)?
7
Let w(c) = -8*c - 223. Give w(-31).
25
Let n(u) = -u**3 + 6*u**2 + 6*u + 6. What is n(7)?
-1
Let z(t) = -t**2 + t + 2. Determine z(4).
-10
Let x(f) = 3*f**2 + f + 2. Calculate x(-2).
12
Let o(k) = -2*k**2 - 14*k - 1. Calculate o(-7).
-1
Let q(y) = -5*y + 100. Determine q(19).
5
Let t(y) = -y**3 + 7*y**2 + 5*y + 7. Determine t(7).
42
Let v(x) = -x**3 - 5*x**2 + 5*x - 1. Give v(-6).
5
Let i(p) = -p**3 - 11*p**2 - 8*p + 5. Calculate i(-10).
-15
Let y(u) = 5*u + 43. Calculate y(-10).
-7
Let s(m) = 3*m**2 + 26*m + 12. Give s(-8).
-4
Let j(x) = x**3 - 14*x**2 - 22*x + 77. Give j(15).
-28
Let m(w) = 30*w - 126. Calculate m(4).
-6
Let h(l) = -15*l + 274. Give h(18).
4
Let x(p) = -p**2 + 13*p - 40. Determine x(9).
-4
Let t(s) = 4*s + 14. What is t(-3)?
2
Let u(i) = 7*i**2 - 45*i + 15. What is u(6)?
-3
Let h(d) = -d**3 + 3*d**2 - d - 5. Calculate h(0).
-5
Let s(n) = n**2 - 8*n + 5. What is s(6)?
-7
Let x(u) = -5*u + 6. Determine x(3).
-9
Let p(i) = -i**2 + i + 6. Give p(0).
6
Let i(l) = -2*l + 44. What is i(19)?
6
Let o(h) = -58*h**2 - h. Determine o(1).
-59
Let d(p) = 3*p**2 - 39*p - 2. Determine d(13).
-2
Let k(r) = r**3 - 10*r**2 - 4*r - 22. Calculate k(10).
-62
Let g(r) = r**2 - 8*r - 10. Determine g(7).
-17
Let m(p) = p**3 + 11*p**2 + 21*p - 11. What is m(-8)?
13
Let a(v) = 3*v + 92. Determine a(-30).
2
Let j(b) = -2*b. Calculate j(6).
-12
Let g(t) = -9*t - 3. Give g(-1).
6
Let o(f) = -5*f - 150. What is o(-24)?
-30
Let b(g) = -g**2 + 2*g + 72. Calculate b(10).
-8
Let q(l) = -l**2 - 21*l - 47. What is q(-20)?
-27
Let w(l) = -l**3 + 7*l**2 - l - 1. Give w(7).
-8
Let a(c) = -c**3 - 5*c**2 + 2*c + 8. Calculate a(-5).
-2
Let k(b) = b**3 + 6*b**2 + 3*b + 8. Calculate k(-6).
-10
Let b(z) = -z**2 - 7*z + 54. Determine b(5).
-6
Let t(r) = r**3 + 5*r**2 - 4*r + 15. Give t(-6).
3
Let n(q) = -q**2 - 2*q + 23. What is n(-11)?
-76
Let k(d) = -d**2 - 13*d - 6. Give k(-6).
36
Let u(n) = n**3 + 5*n**2 + 2*n - 6. Calculate u(-4).
2
Let a(i) = 4*i + 6. Give a(10).
46
Let o(g) = g**2 + 7*g - 5. Determine o(-7).
-5
Let w(v) = 38*v - 153. Determine w(4).
-1
Let b(d) = -22*d - 229. What is b(-10)?
-9
Let n(k) = -k**2 + 3*k - 72. Determine n(0).
-72
Let v(d) = -d + 4. Calculate v(4).
0
Let f(t) = t**3 - 5*t**2 - 22*t + 92. Give f(6).
-4
Let k(i) = -i**2 - 7*i + 8. Determine k(-7).
8
Let k(d) = -2*d + 24. What is k(13)?
-2
Let a(b) = -3*b - 31. What is a(-14)?
11
Let n(c) = -2*c**2 + 52*c - 52. What is n(25)?
-2
Let s(r) = 14*r - 63. Give s(5).
7
Let i(s) = -5*s**2 - 26*s + 7. Determine i(-5).
12
Let x(m) = -36*m - 28. Give x(-1).
8
Let x(w) = -w**3 - 2*w**2 + 2*w - 1. Calculate x(1).
-2
Let x(r) = 7*r - 6. Give x(3).
15
Let r(i) = -i - 10. Determine r(-5).
-5
Let c(v) = -16*v + 209. What is c(14)?
-15
Let l(k) = -k**3 + 18*k**2 - 2*k + 41. Calculate l(18).
5
Let m(j) = -3*j - 5. Calculate m(-2).
1
Let d(m) = -3*m. Determine d(1).
-3
Let q(x) = 20*x + 642. Give q(-31).
22
Let d(x) = 20*x - 14. Calculate d(1).
6
Let h(m) = m**2 + 8*m + 3. Determine h(-7).
-4
Let g(f) = -f**2 - 9*f - 10. Calculate g(-5).
10
Let a(k) = k**3 + 5*k**2 + 4*k - 8. Calculate a(-5).
-28
Let w(l) = -24*l - 5. Give w(-1).
19
Let u(g) = g**3 + 7*g**2 + 9*g - 3. Give u(-5).
2
Let r(s) = -s**3 - s**2 - 4*s - 4. Calculate r(-2).
8
Let z(j) = -j**3 - 8*j**2 + 3*j - 4. Determine z(-8).
-28
Let l(k) = k**3 - 14*k**2 + 18*k - 6. Determine l(13).
59
Let w(s) = s**2 - 19*s + 39. Determine w(17).
5
Let h(t) = 3*t - 2. Calculate h(-4).
-14
Let q(o) = o**3 - 18*o**2 - 19*o - 9. Give q(19).
-9
Let h(q) = -4*q - 4. What is h(-7)?
24
Let c(f) = -f**2 - 5*f + 11. Calculate c(2).
-3
Let n(z) = z**3 + 6*z**2 - 6*z + 6. Calculate n(-7).
-1
Let b(n) = -n**2 - 19*n + 28. Calculate b(-20).
8
Let l(o) = 8*o**2 - 3*o + 4. Give l(-3).
85
Let c(j) = 49*j + 99. Calculate c(-2).
1
Let b(r) = r + 13. Give b(-11).
2
Let m(t) = -t**3 + 17*t**2 - 30*t - 10. What is m(15)?
-10
Let c(d) = -d**3 + 6*d**2 + 29*d - 47. Calculate c(9).
-29
Let i(m) = -m**2 + 5*m - 4. Calculate i(4).
0
Let a(v) = -2*v**3 + 13*v**2 - 8*v + 6. Give a(6).
-6
Let l(d) = 4*d + 33. Determine l(-7).
5
Let k(g) = 10*g**3 - g**2 - g. What is k(-1)?
-10
Let a(o) = -16*o - 70. Calculate a(-4).
-6
Let r(w) = -12*w - 409. Give r(-34).
-1
Let x(f) = -f**2 + 47*f - 539. Give x(26).
7
Let o(t) = 8*t - 9. What is o(-2)?
-25
Let q(p) = -p - 4. Give q(0).
-4
Let k(q) = -q**2 + 33*q - 55. Calculate k(31).
7
Let z(y) = 2*y**2 - 8*y + 2. Determine z(4).
2
Let u(d) = -8*d + 54. Determine u(7).
-2
Let m(v) = -v - 16. What is m(-8)?
-8
Let s(p) = -15*p**2 - p - 2. Give s(-1).
-16
Let f(k) = -k**3 - 2*k**2 + 100*k + 23. Determine f(-11).
12
Let i(j) = -5*j + 10. Calculate i(6).
-20
Let q(j) = 2*j**3 + j**2 + 7*j + 4. Give q(-3).
-62
Let p(c) = c**3 + 10*c**2 - 4*c - 33. Calculate p(-10).
7
Let y(x) = -3*x**3 - 2*x**2 - 18*x + 17. Give y(1).
-6
Let a(s) = s**2 + 20*s + 68. Determine a(-5).
-7
Let w(g) = 2*g**2 + g - 1. Calculate w(-4).
27
Let v(g) = -2*g - 17. Give v(-5).
-7
Let h(n) = n**3 + 7*n**2 + 7*n + 1. Give h(-5).
16
Let n(t) = t**2 - 64*t + 577. Give n(53).
-6
Let o(f) = 6*f**2 + 60*f + 3. Give o(-10).
3
Let y(c) = c**3 - 14*c**2 + 2*c - 33. What is y(14)?
-5
Let l(f) = -7*f**2 - 5*f. Determine l(-4).
-92
Let w(i) = i**3 + i**2 + i - 34. What is w(0)?
-34
Let b(i) = 3*i - 65. Give b(23).
4
Let y(v) = -2*v - 28. Determine y(-9).
-10
Let x(j) = 23*j - 122. Calculate x(5).
-7
Let d(f) = f**2 + 6*f - 14. What is d(-6)?
-14
Let h(d) = -2*d**2 + d + 47. What is h(0)?
47
Let k(d) = -d**3 - 9*d - 5. Give k(0).
-5
Let g(v) = -v**2 + 27*v + 72. Calculate g(27).
72
Let m(n) = n**2 + 9*n - 52. Determine m(-13).
0
Let d(u) = u**2 + 19. Calculate d(0).
19
Let r(c) = 4*c - 55. What is r(